lse
Suppose -3*n - 2843 = -4*k, 0 = 5*k + 4*n - 3616 + 39. Is k composite?
True
Let g(a) = a**3 + 4*a**2 - 3*a + 7. Let q be g(-5). Let o = 8 + q. Suppose o*m - 430 = 5*n, -3*n + 96 = m - 2*n. Is m prime?
False
Let w(n) = -n - 4*n**2 - 2*n**3 + n + 1. Let k be w(3). Is (-1*k/1)/1 composite?
False
Suppose -3*g = -3 - 3. Let p(i) = i**2 - i + 2. Is p(g) a prime number?
False
Suppose t + 2 = 2*t. Suppose 4 = -a, -t*c - a - 4*a = 132. Let d = -19 - c. Is d composite?
False
Let o(d) be the third derivative of d**4/12 + 7*d**3/6 - d**2. Let f be o(-6). Let b(x) = -x**3 - 4*x**2 - 5*x - 7. Is b(f) a composite number?
False
Let a(y) be the third derivative of y**6/60 - y**5/60 + y**4/8 + y**3/6 + 4*y**2. Is a(3) a prime number?
False
Let z be 96/(-44) - (-4)/22. Let f be (-10 + z)*53/2. Is (-6)/(-9)*f/(-4) a composite number?
False
Let z(x) be the second derivative of -x**5/20 - 2*x**4/3 + 7*x**3/6 + 3*x**2/2 + 3*x. Is z(-9) prime?
False
Let y be 3/(321/(-161) - -2). Let g = y + -148. Is g prime?
False
Suppose 309 = 2*r + i - 2021, -4*r = i - 4656. Is r a composite number?
False
Let o(v) = v**2 - 7*v - 1. Is o(-6) a composite number?
True
Suppose -o = 4 - 7. Suppose -4*j = j - 5, a - 116 = o*j. Is a composite?
True
Suppose -b - 15 = 4*p, 2*p - 5*b - 2 = 7. Let j be p*((-4)/(-3))/(-4). Suppose w = 9 + j. Is w a prime number?
False
Let j(a) = -1 + 5*a - 3*a + 27*a**2 - 6*a**2. Let l = -3 + 4. Is j(l) a prime number?
False
Let y(j) = 21*j**2 + 4*j - 3. Let r be y(2). Suppose -c + 34 + r = 2*o, -5*o = 3*c - 371. Is c a composite number?
False
Is 3/(-4) - (-1991)/4 a composite number?
True
Let t(h) be the second derivative of h**4/6 - h**3/6 + 3*h**2/2 - h. Is t(4) a composite number?
False
Is (-29 + -6 + 4)*-1 prime?
True
Let v be 70 + 2 + -2 + 1. Suppose 5*r = 5*o + 530, -2*r - o + v + 156 = 0. Is r prime?
False
Suppose -4*r = -9*r - 2*o + 1735, -3*o + 1388 = 4*r. Is r a composite number?
False
Suppose -5*a + 492 + 1018 = 0. Is a a composite number?
True
Let b(s) = -77*s + 9. Is b(-10) composite?
True
Suppose 5*q + 250 = h, h + 3*q + 500 = 3*h. Suppose -3*y + 1003 - h = 0. Is y prime?
True
Let t(x) = -49*x + 5. Let g be t(-8). Suppose -288 - 18 = -4*k - 5*i, 0 = 5*k - i - g. Is k a composite number?
False
Suppose -5*j + 24 = -j. Suppose -j*n = -3*n - 1779. Is n a prime number?
True
Suppose -283 = -3*r + 890. Is r prime?
False
Suppose -3 = j - 2*j, 101 = 2*a - 5*j. Is a composite?
True
Let y = 9 - -1. Suppose -2*t - y = 2. Let g = t - -9. Is g a prime number?
True
Suppose -3*h = -4*r - h - 60, -3*r + 4*h - 55 = 0. Let p = r - -28. Is p composite?
True
Let p = 239 + -150. Suppose 2*w - p = 249. Suppose w = 3*z + 2*q, 4*z + 3*q - 224 = -0*z. Is z prime?
True
Let h = 10794 + -3691. Is h a composite number?
False
Suppose 0 = 11*b - 24643 + 8176. Is b a composite number?
True
Let m = 264 - 53. Is m a prime number?
True
Suppose -5*f + 3 + 0 = -4*k, -9 = 2*k - 5*f. Suppose 47 = k*v - 10. Is v composite?
False
Let q(p) = -p**3 - p**2. Let z be q(-2). Suppose z*l - 57 = l. Is l composite?
False
Suppose x - 6*x + 475 = 0. Is x a composite number?
True
Is -1 + 564/3 + 4 a prime number?
True
Let k(d) = 2*d - 2. Let f be k(5). Let r(o) = -o + 3*o**2 - 3*o + f*o - 5. Is r(-6) composite?
False
Let w be -1 + 300 + (-1)/1. Suppose 714 = 4*j - w. Is j a prime number?
False
Let w(j) = -1. Let q(u) = 12*u + 4. Let x(a) = q(a) - w(a). Suppose -4*f + f = -2*z - 15, -15 = -3*f - 5*z. Is x(f) a prime number?
False
Let p(b) = 2*b**2 - 3*b - 3. Let o be p(6). Suppose 4*a - 41 = -3*j, 5*a + 7*j - 3*j = o. Is a prime?
True
Is (5/(-3))/((-2)/138) a prime number?
False
Let t(q) be the third derivative of q**5/4 - q**4/24 + q**3/6 + q**2. Suppose 4 = 3*b + b. Is t(b) a composite number?
True
Let r(y) = y**2 - 5*y + 3. Let g be r(4). Let v be (1 - g/2)*36. Suppose -123 = -3*k + v. Is k a prime number?
True
Let y(o) = -2*o - 6. Let w be y(-4). Suppose 3*l + 5*b - 22 = 0, 4*l - 3*l + w = 3*b. Suppose 5*d - l = 161. Is d prime?
False
Let f = 0 - -12. Let n(l) = 23*l + 15. Is n(f) composite?
True
Let u = -18 - -26. Let h(r) = 44*r + 15. Is h(u) composite?
False
Let o be 1/(-2)*(1 + 1). Let d = o - -34. Is d a composite number?
True
Let j be 2*2 - (-1)/(-1). Let u = -1 + j. Suppose -86 - 28 = -u*i. Is i a composite number?
True
Let t(r) = -r**2 - r + 1. Let g(m) = 2*m**2 - 3*m + 2. Let z(q) = g(q) - t(q). Is z(1) prime?
True
Suppose -5*s + 15170 = 2*j - 7*j, 0 = -3*s - 3*j + 9120. Is s prime?
True
Let c be -2 - 26*(-2 + -6). Let t = c - 119. Is t a composite number?
True
Let l = -8 - -56. Suppose 2*q - 2*b = l, b = q - 3*q + 33. Is q a prime number?
True
Is (-58)/377 + 141366/26 prime?
True
Let f(j) = j**2 + 2*j - 6. Let k be f(-5). Suppose k = -h + 23. Is h prime?
False
Let p(j) = -j**3 - 7*j**2 - 5*j + 8. Let u be p(-6). Let h = -1 + 5. Let d = u + h. Is d a prime number?
False
Let y = -780 - -1967. Is y a prime number?
True
Suppose -112 + 275 = q. Suppose 123 + q = 2*j. Is j prime?
False
Let u(t) = 46*t - 1. Let a be u(1). Suppose 5*r + a = 175. Is r a prime number?
False
Let b be (-2 + 0)*(3745/14)/(-5). Let m = -152 + 330. Let a = m - b. Is a composite?
False
Suppose -90 = -2*n + 4*v, -3*n - v = -3*v - 119. Is n a prime number?
True
Let z be (-14 - (-1)/(-1))/(-1). Suppose -k + 2*k = 22. Let a = k + z. Is a composite?
False
Let i(b) = b**3 + 8*b**2 + 10*b + 1. Is i(-6) a composite number?
False
Let a = -3 - -2. Let n = 2 - a. Suppose -3*u + 7*b - 3*b = -451, -n*b = 3*u - 444. Is u prime?
True
Let b be 10/(-30) - (-7)/3. Is ((-23)/b)/(8/(-80)) a composite number?
True
Let n(d) = -d**2 - 7*d - 6. Let k be n(-6). Suppose k = -5*i + 4*i - 4, 5*q = -i + 281. Is q a composite number?
True
Let f(s) = 44*s**2 + 2*s - 9. Is f(-5) a composite number?
True
Let g = 5 + -3. Let a = 3 + g. Suppose -750 = -5*o + a*s, -2*s + 0*s = o - 147. Is o composite?
False
Suppose 3*i - 365 = -h, 3*h + 2*i - 1109 = -0*h. Is h a prime number?
False
Suppose 2*d - 1 - 3 = 0. Suppose -5*k + 5*w = -10, -k - d*w - 3 = -5. Suppose -k*c - c = -267. Is c composite?
False
Suppose 4*y - 2*d - 1056 = 0, 3*y - 3*d = -0*y + 798. Let f = y + -179. Is f a prime number?
True
Suppose -5*r + 25 = 0, -3*f - 5*r = 2*f - 15. Let x = -232 + 349. Let s = x - f. Is s composite?
True
Let d(w) = 5*w**2 - 4*w + 1. Let a(o) = -4*o - 5. Let l be a(4). Let i be 4/14 + 90/l. Is d(i) prime?
True
Suppose 36 = l + j - 8, -l + 5*j + 32 = 0. Suppose -3*b = -12 - l. Suppose -o = -59 - b. Is o composite?
True
Suppose 3*n + 2*n - 5 = 0. Is n*51 + (3 - 1) composite?
False
Let o(w) = 0*w - w - 2 + 8. Let y(m) = -m**2 - 3*m + 3. Let j be y(2). Is o(j) a composite number?
False
Let n(d) = -d + 13. Is n(-6) a prime number?
True
Let w be (-2)/8*3*4. Let u(g) = -81*g - 3. Let d be u(w). Let p = d + -107. Is p a composite number?
True
Suppose -3*i - 6*g = -5*g + 2, 14 = 4*i - 2*g. Let z(o) = 1 + 54*o + 11*o + 137*o. Is z(i) a prime number?
False
Suppose -d = d - 42. Let t = d + 2. Is t a prime number?
True
Suppose 0 = 4*t + 2*z - 8, z = 4*t + t + 4. Let p = t - -2. Suppose c - 5*w = 29, -4*c - 5*w = -p + 11. Is c a composite number?
True
Suppose 4*p + 6 = r, r - 5*p - 6 = -r. Let b = 20 - r. Is b composite?
True
Suppose -3*q + 2*q = m - 444, 1328 = 3*q + 5*m. Let k = q - 255. Is k a prime number?
True
Suppose -2*i - 10 = i - 2*u, -20 = 5*i - 4*u. Is i/8 + 382/2 composite?
False
Let q = 627 - -692. Is q a prime number?
True
Let b(y) = -y**2 + y - 1. Let h(o) = -2*o**2 - 11*o + 12. Let s(c) = -5*b(c) - h(c). Suppose 2*r - 6 = 3*r. Is s(r) a composite number?
True
Is 4/(32/(-4586))*(-6 - -2) composite?
False
Is 1167*10/18*3 a composite number?
True
Suppose 3*n - 105 = -2*n. Suppose 3*u - n = 39. Suppose 2*v = -0*v, 5*v = -2*a + u. Is a a composite number?
True
Let i = 1 + 5. Let h = i - 12. Let f = h + 59. Is f prime?
True
Is 45/(-3 + 4) - -1 composite?
True
Let l(k) = 2*k**2 - 11*k - 26. Is l(-5) a prime number?
True
Suppose -2*x + 4*a + 20 - 48 = 0, 21 = x + 5*a. Let b be (-3 + 13)/(x/(-166)). Suppose 0 = -0*k + 5*k - b. Is k prime?
True
Suppose 3*s - 4*s = 3*u - 16, 0 = -3*u - 5*s + 32. Let l = u + -4. Let j(c) = c + 49. Is j(l) a prime number?
False
Let k = -10 - -7. Let t be 1 - k/(-3) - 3. Let r = t - -6. Is r prime?
True
Let j be 2/5 - 553/(-5). Is -4*